Current Month NOAA Stats

Daily noaa report

                            MONTHLY CLIMATOLOGICAL SUMMARY for FEB. 2020

NAME: TravelingRVWx   CITY: Ocean Park STATE: WA
ELEV: 45 LAT: 046:31:00 LONG: 0124:03:00

                            TEMPERATURE ( F), RAIN (in.), WIND SPEED (mph)

                                               HEAT     COOL           AVG
      MEAN                                     DEG      DEG            WIND                       DOM
DAY   TEMP    HIGH   TIME     LOW    TIME      DAYS     DAYS    RAIN   SPEED    HIGH    TIME      DIR
--------------------------------------------------------------------------------------------------------
01    46.5   051.2   06:31    37.7   00:00     18.4     00.0   00.59   09.1     35.6    12:19     WNW
02    39.2   047.1   15:21    35.0   08:04     25.7     00.0   00.23   03.5     26.4    17:22     SSE
03    40.0   044.4   14:23    34.6   22:05     25.0     00.0   00.04   05.2     26.4    05:07      NW
04    41.5   048.6   23:55    32.7   02:13     23.4     00.0   01.08   03.8     21.9    12:53     ESE
05    49.0   049.5   13:36    48.4   00:10     15.9     00.0   00.53   05.0     18.4    20:55      W 
06    49.3   050.1   14:55    48.7   05:22     15.7     00.0   00.11   05.0     35.6    15:12     WSW
07    48.1   049.4   09:55    44.4   22:24     16.9     00.0   00.18   10.2     59.8    23:39      SW
08    44.7   047.9   15:44    37.4   21:48     20.2     00.0   00.02   14.3     55.2    00:59     WNW
09    42.1   049.1   15:30    35.2   08:08     22.8     00.0   00.01   02.4     12.7    20:19      E 
10    45.2   070.0   11:17    38.7   00:00     19.7     00.0   00.04   01.0     10.3    11:15     ENE
11    43.6   048.8   13:11    36.6   02:33     21.3     00.0   00.01   03.9     13.8    22:16      W 
12    43.5   048.8   13:09    39.3   23:06     21.5     00.0   00.01   01.1     08.1    14:56     NNW
13    44.1   048.6   15:23    39.1   00:54     20.9     00.0   00.10   07.2     29.9    21:13      W 
14    45.4   048.0   11:46    42.4   04:54     19.6     00.0   00.03   08.5     28.8    01:48      W 
15    45.8   047.3   14:12    44.5   01:37     19.2     00.0   00.86   07.0     27.6    08:51     SSW
16    45.1   049.4   13:35    41.5   23:41     19.8     00.0   00.03   08.6     28.8    12:21     WNW
--------------------------------------------------------------------------------------------------------
44.6 (44.8)   70.0  day 10     32.0  day 15   326.0    000.0   03.87   06.0     59.8   day 07      W 
Min <=  86: 16
Max Rain: 1.08 ON 4-02-20
Days of Rain: 16 (> .008in) 8 (> .08in) 2 (> 0.8in)

Use WIDE page mode to see full display