Current Month NOAA Stats

Daily NOAA report
                            MONTHLY CLIMATOLOGICAL SUMMARY for JUL. 2019

NAME: TravelingRVWx   CITY: Ocean Park STATE: WA
ELEV: 45 LAT: 046:31:00 LONG: 0124:03:00

                            TEMPERATURE ( F), RAIN (in.), WIND SPEED (mph)

                                               HEAT     COOL           AVG
      MEAN                                     DEG      DEG            WIND                       DOM
DAY   TEMP    HIGH   TIME     LOW    TIME      DAYS     DAYS    RAIN   SPEED    HIGH    TIME      DIR
--------------------------------------------------------------------------------------------------------
01    59.6   063.5   15:38    56.8   08:20     05.3     00.0   00.01   02.9     13.8    05:49      NW
02    60.4   065.8   15:56    56.8   06:28     04.5     00.0   00.02   01.8     10.3    20:14     WNW
03    62.3   071.4   17:11    57.7   06:03     02.6     00.0   00.01   02.4     11.5    19:04      NW
04    61.7   067.6   15:13    58.3   00:07     03.3     00.0   00.00   02.0     09.2    17:16      NW
05    61.8   069.4   14:52    57.9   05:29     03.1     00.0   00.01   01.8     10.3    14:58     WNW
06    63.4   073.2   17:15    58.3   06:37     01.6     00.0   00.03   01.7     10.3    19:52     WNW
07    62.0   068.0   12:11    58.5   04:59     02.9     00.0   00.01   02.3     12.7    04:08      NW
08    63.1   072.0   16:47    57.0   23:57     01.8     00.0   00.00   01.4     10.3    13:56     WNW
09    61.0   069.3   14:03    54.9   05:29     03.9     00.0   00.54   00.3     05.8    16:52     WSW
10    62.2   064.4   17:09    60.6   02:18     02.8     00.0   00.30   00.9     09.2    13:12     WSW
11    64.7   072.3   16:15    60.6   06:07     00.3     00.0   00.01   00.7     06.9    23:37     WNW
12    64.3   070.9   17:19    60.4   05:54     00.6     00.0   00.00   02.6     17.3    17:19      NW
13    64.9   071.8   17:02    60.4   02:42     00.0     00.0   00.00   02.3     11.5    20:22      NW
14    64.6   072.7   17:05    57.6   06:22     00.3     00.0   00.04   02.4     14.9    14:21      NW
--------------------------------------------------------------------------------------------------------
62.6 (63.9)   73.2  day 06     54.9  day 09   033.1    000.0   00.97   01.8     17.3   day 12      NW
Min <=  86: 14
Max Rain: 0.54 ON 9-07-19
Days of Rain: 8 (> .008in) 2 (> .08in) 0 (> 0.8in)

Use WIDE page mode to see full display

QRZ KJ6RGX 100WAAW