Current Month NOAA Stats

Daily NOAA report
                            MONTHLY CLIMATOLOGICAL SUMMARY for NOV. 2018

NAME: TravelingRVWx   CITY: Ocean Park STATE: Washington
ELEV: 45 LAT: 046:32:9 LONG: 0124:2:51

                            TEMPERATURE ( F), RAIN (in.), WIND SPEED (mph)

                                               HEAT     COOL           AVG
      MEAN                                     DEG      DEG            WIND                       DOM
DAY   TEMP    HIGH   TIME     LOW    TIME      DAYS     DAYS    RAIN   SPEED    HIGH    TIME      DIR
--------------------------------------------------------------------------------------------------------
01    56.1   057.2   12:32    55.3   06:36     08.9     00.0   00.07   05.2     23.0    23:47     SSW
02    55.7   058.1   14:18    53.6   08:34     09.2     00.0   00.43   06.3     25.3    03:44      W 
03    54.1   055.5   12:05    53.1   03:16     10.8     00.0   00.25   03.7     25.3    23:35      S 
04    55.2   057.7   12:29    53.6   21:28     09.7     00.0   00.50   07.8     26.4    02:56      W 
05    53.8   056.8   13:16    50.5   08:27     11.1     00.0   00.10   07.0     24.1    08:12     WNW
06    51.2   055.1   12:02    44.9   23:26     13.7     00.0   00.05   03.4     20.7    15:40      NW
07    46.2   054.6   15:19    40.5   23:59     18.8     00.0   00.01   00.2     09.2    14:32     ENE
08    43.1   051.8   14:52    38.4   02:26     21.9     00.0   00.01   01.0     13.8    12:25      NE
09    43.9   050.9   14:00    36.2   05:14     21.0     00.0   00.01   00.0     06.9    14:00     ENE
10    46.5   052.2   13:17    41.3   07:35     18.5     00.0   00.00   00.7     12.7    12:30     ENE
11    46.6   055.3   14:41    41.5   04:53     18.3     00.0   00.00   01.2     17.3    13:58     ENE
12    52.7   060.2   14:23    45.3   00:02     12.2     00.0   00.00   02.2     23.0    10:11     ESE
13    51.2   056.8   14:44    46.5   07:33     13.8     00.0   00.00   01.8     12.7    23:53      SE
14    51.1   055.3   14:03    46.3   05:45     13.8     00.0   00.19   03.2     25.3    03:17     SSE
15    50.3   054.6   15:21    45.9   06:18     14.6     00.0   00.03   00.3     09.2    23:23     SSE
16    51.7   054.2   16:22    46.4   00:00     13.2     00.0   00.10   01.3     12.7    23:31     NNW
17    47.9   054.7   14:49    43.5   07:59     17.1     00.0   00.00   01.2     11.5    22:12     ENE
18    47.0   059.5   15:08    40.5   05:32     18.0     00.0   00.00   00.2     10.3    11:50      E 
19    46.8   059.8   13:41    38.5   07:59     18.2     00.0   00.01   00.2     11.5    11:19      E 
--------------------------------------------------------------------------------------------------------
50.1 (50.6)   60.2  day 12     36.2  day 09   282.7    000.0   01.76   02.5     26.5   day 04     WSW
Min <=  86: 19
Max Rain: 0.50 ON 4-11-18
Days of Rain: 13 (> .008in) 6 (> .08in) 0 (> 0.8in)

Use WIDE page mode to see full display

QRZ KJ6RGX 100WAAW