Current Month NOAA Stats

Daily NOAA report
                            MONTHLY CLIMATOLOGICAL SUMMARY for NOV. 2017

NAME: TravelingRVWx   CITY: Ocean Park STATE: Washington
ELEV: 45 LAT: 046:32:9 LONG: 0124:2:51

                            TEMPERATURE ( F), RAIN (in.), WIND SPEED (mph)

                                               HEAT     COOL           AVG
      MEAN                                     DEG      DEG            WIND                       DOM
DAY   TEMP    HIGH   TIME     LOW    TIME      DAYS     DAYS    RAIN   SPEED    HIGH    TIME      DIR
--------------------------------------------------------------------------------------------------------
01    51.9   055.0   12:36    48.3   20:01     13.0     00.0   00.02   08.7     28.8    11:35     WNW
02    48.1   050.8   00:12    43.7   21:58     16.8     00.0   00.33   11.0     36.8    18:59      W 
03    43.7   048.8   12:23    36.7   23:35     21.2     00.0   00.03   03.3     23.0    03:43      W 
04    41.9   050.1   00:00    34.4   05:51     23.1     00.0   00.40   02.7     24.1    20:06      S 
05    43.5   050.6   00:47    37.6   18:28     21.4     00.0   00.05   05.5     32.2    07:08     WNW
06    43.2   050.5   14:25    37.9   06:16     21.7     00.0   00.00   01.5     18.4    21:32     ESE
07    45.2   048.1   16:24    41.7   00:20     19.8     00.0   00.00   05.7     25.3    11:30     ESE
08    46.0   049.0   05:16    42.9   11:26     19.0     00.0   00.43   05.6     27.6    16:54     ESE
09    48.9   055.0   14:45    44.9   03:50     16.1     00.0   00.40   04.6     24.1    05:03     SSE
10    47.6   055.1   15:55    43.1   20:13     17.3     00.0   00.03   00.2     10.3    00:04     ESE
11    50.7   053.6   12:01    45.7   00:01     14.2     00.0   00.27   04.2     25.3    19:02     SSE
12    51.7   052.7   13:29    50.4   23:23     13.2     00.0   02.36   05.4     26.4    23:45     SSE
13    50.5   053.4   10:39    46.8   21:33     14.4     00.0   00.56   15.9     49.5    15:28      SW
14    49.0   051.4   15:27    47.0   23:36     16.0     00.0   01.77   08.8     38.0    23:16     SSE
15    46.7   052.8   13:31    41.8   00:00     18.3     00.0   00.64   04.2     26.4    00:10      S 
16    43.4   048.8   23:55    40.9   00:39     21.5     00.0   00.68   02.5     23.0    00:00     SSW
17    47.6   051.6   14:02    41.7   07:27     17.3     00.0   00.13   05.8     31.1    04:41     WNW
18    46.4   053.9   14:12    43.1   08:06     18.5     00.0   00.04   01.4     10.3    23:09      SE
--------------------------------------------------------------------------------------------------------
47.0 (47.2)   55.1  day 10     34.4  day 04   322.8    000.0   08.15   05.4     49.5   day 13     SSW
Min <=  86: 18
Max Rain: 2.36 ON 12-11-17
Days of Rain: 16 (> .008in) 11 (> .08in) 2 (> 0.8in)

Use WIDE page mode to see full display

QRZ KJ6RGX 100WAAW