Current Month NOAA Stats

Daily NOAA report
                            MONTHLY CLIMATOLOGICAL SUMMARY for MAY. 2019

NAME: TravelingRVWx   CITY: Ocean Park STATE: Washington
ELEV: 45 LAT: 046:32:9 LONG: 0124:2:51

                            TEMPERATURE ( F), RAIN (in.), WIND SPEED (mph)

                                               HEAT     COOL           AVG
      MEAN                                     DEG      DEG            WIND                       DOM
DAY   TEMP    HIGH   TIME     LOW    TIME      DAYS     DAYS    RAIN   SPEED    HIGH    TIME      DIR
--------------------------------------------------------------------------------------------------------
01    50.6   053.8   14:22    47.2   01:10     14.4     00.0   00.00   01.7     17.3    21:05     WNW
02    50.3   053.1   16:28    47.7   23:59     14.7     00.0   00.00   00.8     13.8    02:08     WNW
03    50.1   054.2   14:50    45.7   23:20     14.8     00.0   00.00   01.5     19.6    16:58      NW
04    50.0   054.6   12:17    46.2   03:42     14.9     00.0   00.00   01.9     18.4    18:20     NNW
05    52.4   056.3   15:52    49.7   04:21     12.5     00.0   00.00   00.6     11.5    16:24      NW
06    52.8   056.8   13:44    49.7   07:03     12.1     00.0   00.00   02.7     23.0    16:05     NNW
07    53.2   055.7   14:55    50.5   06:44     11.7     00.0   00.00   01.5     19.6    13:30      NW
08    52.9   055.4   14:44    50.8   23:08     12.1     00.0   00.00   00.7     13.8    15:06      NW
09    65.5   085.9   14:28    50.9   03:11     00.0     00.6   00.00   01.3     24.1    17:27      N 
10    61.0   075.7   09:49    54.1   06:04     03.9     00.0   00.00   00.6     17.3    15:11     NNW
11    52.8   055.1   16:19    50.6   07:07     12.1     00.0   00.00   00.8     13.8    13:39     WNW
12    52.8   056.7   16:26    49.2   06:51     12.2     00.0   00.00   00.8     14.9    13:24      W 
13    53.4   058.2   14:38    49.4   00:41     11.6     00.0   00.00   00.6     16.1    14:07      W 
14    53.8   057.2   14:54    50.7   00:01     11.2     00.0   00.38   02.2     24.1    14:39     SSW
15    54.2   061.4   14:41    48.9   06:50     10.7     00.0   00.27   00.1     11.5    11:13     ENE
16    54.1   056.4   10:25    51.4   00:50     10.8     00.0   00.67   01.1     18.4    18:26     WNW
17    53.0   060.3   13:39    49.5   19:45     12.0     00.0   00.06   04.1     27.6    15:35     WSW
18    55.5   069.7   14:11    50.0   00:02     09.4     00.0   00.30   01.3     26.4    18:54      SW
19    53.9   057.6   17:11    51.6   06:28     11.0     00.0   00.31   00.4     10.3    18:31     WNW
20    55.6   060.4   16:47    50.6   23:15     09.3     00.0   00.07   02.2     24.1    14:22      SW
21    54.1   059.5   14:47    49.2   06:34     10.8     00.0   00.07   01.4     26.4    15:41     NNW
22    54.5   056.5   16:58    52.7   21:31     10.5     00.0   00.00   00.5     11.5    23:46      NW
23    53.9   056.1   15:03    52.3   06:51     11.1     00.0   00.00   00.7     12.7    23:56      NW
--------------------------------------------------------------------------------------------------------
53.9 (54.7)   85.9  day 09     45.7  day 03   253.8    000.6   02.13   01.3     27.6   day 18      NW
Min <=  86: 23
Max Rain: 0.67 ON 16-05-19
Days of Rain: 8 (> .008in) 5 (> .08in) 0 (> 0.8in)

Use WIDE page mode to see full display

QRZ KJ6RGX 100WAAW