Current Month NOAA Stats

Daily noaa report

                            MONTHLY CLIMATOLOGICAL SUMMARY for SEP. 2019

NAME: TravelingRVWx   CITY: Ocean Park STATE: WA
ELEV: 45 LAT: 046:31:00 LONG: 0124:03:00

                            TEMPERATURE ( F), RAIN (in.), WIND SPEED (mph)

                                               HEAT     COOL           AVG
      MEAN                                     DEG      DEG            WIND                       DOM
DAY   TEMP    HIGH   TIME     LOW    TIME      DAYS     DAYS    RAIN   SPEED    HIGH    TIME      DIR
--------------------------------------------------------------------------------------------------------
06    63.4   064.8   16:20    61.1   00:00     01.5     00.0   00.00   00.1     05.8    16:20      N 
07    62.9   067.2   12:24    60.5   06:37     02.1     00.0   00.00   01.4     16.1    13:50      N 
08    62.2   066.9   11:52    60.1   06:30     02.8     00.0   00.32   02.0     16.1    12:01      N 
09    61.9   067.5   16:11    58.5   08:48     03.0     00.0   00.05   01.3     14.9    12:15      N 
10    60.4   064.7   15:43    56.0   03:19     04.5     00.0   00.00   01.4     14.9    14:08      N 
11    61.5   067.1   17:18    55.7   05:03     03.5     00.0   00.00   00.0     10.3    14:17      N 
12    62.6   070.9   14:47    54.9   07:13     02.3     00.0   00.09   00.0     18.4    19:23     SSE
13    63.0   067.3   12:14    59.1   23:42     02.0     00.0   00.01   01.1     11.5    14:25     SSW
14    62.3   064.8   13:24    58.8   00:27     02.6     00.0   00.10   03.2     19.6    18:52      S 
15    59.9   065.2   16:29    57.0   09:17     05.0     00.0   00.97   02.3     19.6    00:54      S 
16    58.9   065.1   14:56    54.0   07:40     06.0     00.0   00.61   02.4     20.7    15:31      S 
17    58.8   062.0   13:34    55.6   00:00     06.1     00.0   01.55   03.5     26.4    05:53     SSE
18    58.4   063.2   15:29    53.2   05:42     06.5     00.0   00.03   03.0     17.3    16:45     NNW
19    60.0   064.6   14:46    54.2   04:32     04.9     00.0   00.01   01.1     16.1    23:56      NW
--------------------------------------------------------------------------------------------------------
61.2 (61.4)   70.9  day 12     53.2  day 18   053.0    000.0   03.52   01.6     26.5   day 17     NNW
Min <=  86: 14
Max Rain: 1.55 ON 17-09-19
Days of Rain: 10 (> .008in) 6 (> .08in) 2 (> 0.8in)

Use WIDE page mode to see full display