Current Month NOAA Stats

Daily NOAA report
                            MONTHLY CLIMATOLOGICAL SUMMARY for NOV. 2019

NAME: TravelingRVWx   CITY: Ocean Park STATE: WA
ELEV: 45 LAT: 046:31:00 LONG: 0124:03:00

                            TEMPERATURE ( F), RAIN (in.), WIND SPEED (mph)

                                               HEAT     COOL           AVG
      MEAN                                     DEG      DEG            WIND                       DOM
DAY   TEMP    HIGH   TIME     LOW    TIME      DAYS     DAYS    RAIN   SPEED    HIGH    TIME      DIR
--------------------------------------------------------------------------------------------------------
01    52.1   057.2   17:57    48.0   23:58     12.8     00.0   00.00   02.1     09.2    23:13      NE
02    49.8   059.2   13:42    44.6   07:09     15.2     00.0   00.00   03.8     20.7    17:56     NNW
03    48.5   051.1   16:08    46.8   23:59     16.4     00.0   00.00   02.3     14.9    00:37      NW
04    47.2   054.5   15:12    43.7   03:59     17.7     00.0   00.00   02.3     18.4    18:55      NW
05    45.9   053.8   13:03    40.1   07:34     19.0     00.0   00.00   02.0     19.6    15:00     NNW
06    48.5   057.0   14:34    41.4   07:57     16.4     00.0   00.00   01.3     11.5    13:47      NE
07    49.3   061.3   15:36    41.4   07:25     15.6     00.0   00.00   01.2     10.3    15:24     ENE
08    48.8   053.1   15:04    40.8   03:33     16.1     00.0   00.00   02.7     16.1    13:54     ESE
09    51.2   052.3   22:13    49.3   07:48     13.8     00.0   00.16   02.5     13.8    11:24      SE
10    52.9   057.9   14:57    49.3   22:03     12.0     00.0   00.00   01.1     08.1    18:28     ENE
11    53.7   061.7   14:46    48.9   02:20     11.3     00.0   00.00   01.6     16.1    10:24      E 
--------------------------------------------------------------------------------------------------------
49.8 (50.6)   61.7  day 11     40.1  day 05   166.4    000.0   03.53   02.1     20.7   day 05      NE
Min <=  86: 11
Max Rain: 0.16 ON 9-11-19
Days of Rain: 1 (> .008in) 1 (> .08in) 0 (> 0.8in)

Use WIDE page mode to see full display