Current Month NOAA Stats

Daily NOAA report
                            MONTHLY CLIMATOLOGICAL SUMMARY for SEP. 2017

NAME: TravelingRVWx   CITY: Ocean Park STATE: Washington
ELEV: 45 LAT: 046:32:9 LONG: 0124:2:51

                            TEMPERATURE ( F), RAIN (in.), WIND SPEED (mph)

                                               HEAT     COOL           AVG
      MEAN                                     DEG      DEG            WIND                       DOM
DAY   TEMP    HIGH   TIME     LOW    TIME      DAYS     DAYS    RAIN   SPEED    HIGH    TIME      DIR
--------------------------------------------------------------------------------------------------------
01    59.0   065.1   14:06    52.4   06:56     06.0     00.0   00.00   06.6     27.6    15:34     NNW
02    61.5   073.3   09:54    56.5   23:32     03.4     00.0   00.00   06.3     28.8    15:10     NNW
03    61.7   076.3   10:24    56.2   02:58     03.2     00.0   00.00   05.4     24.1    16:29     NNW
04    68.2   090.4   13:16    52.7   05:49     00.0     03.3   00.00   03.0     20.7    15:39     NNW
05    64.3   071.6   00:06    56.5   06:23     00.6     00.0   00.00   02.2     16.1    14:19     SSW
06    60.6   067.6   14:08    56.3   08:09     04.4     00.0   00.00   02.3     17.3    04:22     SSW
07    60.4   064.5   15:41    57.8   06:11     04.5     00.0   00.06   01.0     11.5    19:52     WSW
08    59.6   062.8   16:41    55.9   21:44     05.4     00.0   00.01   01.7     11.5    17:16      NW
09    57.7   063.2   11:37    54.5   04:41     07.2     00.0   00.13   02.1     18.4    13:22      S 
10    57.3   063.4   17:31    51.8   06:21     07.6     00.0   00.01   02.3     14.9    16:36     NNW
11    61.7   075.0   12:39    54.6   06:25     03.2     00.0   00.00   04.1     25.3    16:36      N 
12    58.4   062.0   15:38    53.6   00:00     06.5     00.0   00.00   04.3     18.4    10:59     NNW
13    56.8   062.5   16:31    52.4   04:46     08.2     00.0   00.01   01.4     09.2    17:07      W 
14    55.9   059.7   15:15    51.9   05:59     09.1     00.0   00.00   02.0     12.7    15:04      NW
15    56.7   062.8   16:54    48.3   06:58     08.2     00.0   00.02   01.4     12.7    14:00      W 
16    56.4   061.2   15:18    52.9   05:15     08.6     00.0   00.00   02.7     13.8    16:24     NNW
17    56.2   060.2   10:14    53.3   02:39     08.7     00.0   00.15   03.2     25.3    15:03      S 
18    54.7   061.2   12:54    51.0   19:57     10.2     00.0   00.38   04.8     33.4    10:17      SW
19    55.8   060.3   13:02    50.9   06:56     09.2     00.0   00.64   04.7     21.9    03:46      W 
--------------------------------------------------------------------------------------------------------
59.1 (60.1)   90.4  day 04     48.3  day 15   114.3    003.3   01.41   03.2     33.4   day 18      NW
Max >=  86: 1
Min <=  86: 19
Max Rain: 0.64 ON 19-09-17
Days of Rain: 9 (> .008in) 4 (> .08in) 0 (> 0.8in)

Use WIDE page mode to see full display

QRZ KJ6RGX 100WAAW