Current Month NOAA Stats

Daily noaa report

                            MONTHLY CLIMATOLOGICAL SUMMARY for JAN. 2020

NAME: TravelingRVWx   CITY: Ocean Park STATE: WA
ELEV: 45 LAT: 046:31:00 LONG: 0124:03:00

                            TEMPERATURE ( F), RAIN (in.), WIND SPEED (mph)

                                               HEAT     COOL           AVG
      MEAN                                     DEG      DEG            WIND                       DOM
DAY   TEMP    HIGH   TIME     LOW    TIME      DAYS     DAYS    RAIN   SPEED    HIGH    TIME      DIR
--------------------------------------------------------------------------------------------------------
11    44.8   047.7   03:00    41.8   18:05     20.1     00.0   00.24   13.9     79.3    11:20      NW
12    43.1   048.2   07:27    37.5   23:49     21.9     00.0   00.09   19.5     74.8    14:12      W 
13    37.9   040.5   11:55    35.7   00:00     27.0     00.0   00.12   07.4     39.1    00:06     WNW
14    37.6   041.5   23:06    33.8   06:53     27.3     00.0   00.02   11.0     65.5    05:46     WNW
15    38.1   045.6   22:03    32.0   10:49     26.9     00.0   00.29   07.7     38.0    20:20      SE
16    42.3   045.2   13:38    36.3   23:59     22.7     00.0   00.01   06.5     35.6    00:49      W 
17    38.0   041.3   23:22    33.6   01:36     27.0     00.0   00.12   05.1     31.1    20:39     ESE
18    46.3   049.7   15:36    40.8   00:31     18.6     00.0   00.43   05.4     29.9    05:13     ESE
19    50.7   057.1   15:13    46.5   03:45     14.2     00.0   00.03   02.7     18.4    21:41     ESE
20    48.0   051.2   15:26    44.7   23:44     16.9     00.0   00.13   03.7     18.4    19:56     ESE
21    47.4   050.4   16:11    44.1   01:20     17.6     00.0   00.45   05.6     31.1    13:40     SSE
--------------------------------------------------------------------------------------------------------
43.1 (43.0)   57.1  day 19     32.0  day 20   240.2    000.0   07.16   08.0     79.4   day 12      W 
Min <=  86: 11
Max Rain: 0.45 ON 21-01-20
Days of Rain: 11 (> .008in) 8 (> .08in) 0 (> 0.8in)

Use WIDE page mode to see full display