Current Month NOAA Stats

Daily NOAA report
                            MONTHLY CLIMATOLOGICAL SUMMARY for SEP. 2018

NAME: TravelingRVWx   CITY: Ocean Park STATE: Washington
ELEV: 45 LAT: 046:32:9 LONG: 0124:2:51

                            TEMPERATURE ( F), RAIN (in.), WIND SPEED (mph)

                                               HEAT     COOL           AVG
      MEAN                                     DEG      DEG            WIND                       DOM
DAY   TEMP    HIGH   TIME     LOW    TIME      DAYS     DAYS    RAIN   SPEED    HIGH    TIME      DIR
--------------------------------------------------------------------------------------------------------
01    58.0   061.1   17:16    55.1   23:25     06.9     00.0   00.01   04.5     19.6    18:36      NW
02    56.8   060.8   16:31    53.8   08:02     08.2     00.0   00.00   05.4     19.6    19:34     NNW
03    56.5   060.4   14:33    50.5   23:57     08.5     00.0   00.00   05.8     19.6    12:33     NNW
04    53.6   059.6   10:09    51.1   00:01     11.3     00.0   00.00   05.1     21.9    17:05     NNW
05    57.9   071.0   12:22    50.8   01:07     07.0     00.0   00.00   04.3     20.7    14:57     NNW
06    55.2   059.5   18:55    50.6   06:26     09.8     00.0   00.01   00.8     09.2    14:25      W 
07    59.2   064.3   16:38    57.0   06:20     05.7     00.0   00.03   02.5     18.4    23:49     SSW
08    58.9   062.7   14:53    57.1   00:52     06.1     00.0   00.03   02.8     17.3    14:42      S 
09    58.8   063.5   15:05    56.5   07:50     06.2     00.0   00.13   04.5     23.0    14:40      S 
10    59.6   064.3   13:34    56.2   06:05     05.3     00.0   00.04   02.5     16.1    13:46     SSW
11    58.5   063.6   15:07    54.5   06:49     06.5     00.0   00.12   02.0     14.9    15:41      SW
12    56.5   062.0   16:43    52.5   03:04     08.5     00.0   00.87   01.1     16.1    15:10      S 
13    56.2   064.0   12:24    53.1   01:34     08.8     00.0   00.45   01.3     13.8    14:51      N 
14    56.4   062.4   13:00    49.9   04:38     08.5     00.0   00.04   01.8     16.1    13:51      S 
15    56.5   058.9   11:08    54.4   22:52     08.5     00.0   00.71   03.2     20.7    20:04     SSE
16    57.6   062.9   16:34    52.6   23:28     07.3     00.0   00.48   04.9     23.0    03:16     WSW
17    54.5   059.6   15:46    48.5   07:13     10.4     00.0   00.01   04.9     23.0    16:44     NNW
18    53.9   059.3   16:15    45.9   07:37     11.0     00.0   00.00   04.0     20.7    16:00     NNW
19    54.9   060.1   18:30    47.5   07:21     10.0     00.0   00.01   02.0     13.8    15:06     WSW
20    57.7   062.5   14:30    50.9   06:59     07.3     00.0   00.02   02.2     13.8    14:12     SSW
21    59.4   064.8   11:58    54.5   05:49     05.5     00.0   00.15   02.9     19.6    22:21     SSE
22    59.3   062.2   15:30    57.6   23:19     05.6     00.0   00.10   07.9     25.3    02:04      W 
--------------------------------------------------------------------------------------------------------
57.1 (57.5)   71.0  day 05     45.9  day 18   172.9    000.0   03.21   03.5     25.3   day 22     WNW
Min <=  86: 22
Max Rain: 0.87 ON 12-09-18
Days of Rain: 17 (> .008in) 8 (> .08in) 1 (> 0.8in)

Use WIDE page mode to see full display

QRZ KJ6RGX 100WAAW