Current Month NOAA Stats

Daily NOAA report
                            MONTHLY CLIMATOLOGICAL SUMMARY for JAN. 2018

NAME: TravelingRVWx   CITY: Ocean Park STATE: Washington
ELEV: 45 LAT: 046:32:9 LONG: 0124:2:51

                            TEMPERATURE ( F), RAIN (in.), WIND SPEED (mph)

                                               HEAT     COOL           AVG
      MEAN                                     DEG      DEG            WIND                       DOM
DAY   TEMP    HIGH   TIME     LOW    TIME      DAYS     DAYS    RAIN   SPEED    HIGH    TIME      DIR
--------------------------------------------------------------------------------------------------------
01    41.3   049.7   14:16    36.0   08:17     23.6     00.0   00.00   00.3     09.2    13:39     ENE
02    43.8   048.6   12:08    38.8   01:04     21.1     00.0   00.00   01.4     18.4    18:44      E 
03    45.9   054.7   14:46    40.0   08:07     19.1     00.0   00.00   00.7     19.6    22:29      E 
04    48.5   051.5   15:16    46.3   12:17     16.4     00.0   00.40   03.8     19.6    04:29     ESE
05    47.9   052.7   12:19    45.5   22:34     17.0     00.0   00.61   07.1     31.1    22:28     WSW
06    45.6   048.4   13:45    43.4   20:34     19.4     00.0   00.01   03.2     25.3    02:12     WNW
07    44.0   045.0   23:29    42.9   09:37     21.0     00.0   00.82   02.6     18.4    11:00      SE
08    45.4   048.1   13:57    43.6   08:51     19.6     00.0   00.05   00.7     10.3    03:31     ESE
09    45.9   047.3   12:13    43.0   23:56     19.1     00.0   00.10   07.5     24.1    18:32      NW
10    43.8   048.1   22:53    41.1   06:10     21.1     00.0   00.30   01.9     19.6    00:20     SSE
11    49.0   051.3   11:09    46.1   05:35     15.9     00.0   01.53   07.5     29.9    07:50      SW
12    48.6   050.1   15:52    47.4   22:39     16.3     00.0   00.10   05.9     26.4    03:40     SSW
13    51.3   057.7   15:30    47.9   00:19     13.7     00.0   00.16   01.3     13.8    02:26     ESE
14    55.8   063.3   13:10    48.4   03:39     09.2     00.0   00.00   03.0     19.6    12:37     ESE
15    53.8   058.0   15:07    49.0   20:25     11.1     00.0   00.18   05.1     27.6    10:58      SE
16    50.3   055.0   14:05    47.9   19:12     14.6     00.0   00.01   03.5     19.6    13:58     SSE
17    51.5   058.1   12:40    47.0   23:43     13.4     00.0   00.61   07.5     36.8    13:53     SSE
18    47.8   050.9   00:42    42.1   22:35     17.2     00.0   00.29   08.5     43.7    01:20      SW
19    44.7   048.9   12:41    41.1   07:03     20.2     00.0   00.33   08.9     29.9    23:06     WSW
20    47.2   050.8   13:55    43.5   00:31     17.7     00.0   00.15   07.8     32.2    20:42     SSW
21    47.5   049.9   13:48    44.8   08:55     17.5     00.0   00.72   11.9     35.6    14:44      SW
--------------------------------------------------------------------------------------------------------
47.6 (48.0)   63.3  day 14     36.0  day 01   364.2    000.0   06.37   04.8     43.7   day 18     SSW
Min <=  86: 21
Max Rain: 1.53 ON 11-01-18
Days of Rain: 17 (> .008in) 14 (> .08in) 2 (> 0.8in)

Use WIDE page mode to see full display

QRZ KJ6RGX 100WAAW