Current Month NOAA Stats

Daily NOAA report
                            MONTHLY CLIMATOLOGICAL SUMMARY for JUL. 2018

NAME: TravelingRVWx   CITY: Ocean Park STATE: Washington
ELEV: 45 LAT: 046:32:9 LONG: 0124:2:51

                            TEMPERATURE ( F), RAIN (in.), WIND SPEED (mph)

                                               HEAT     COOL           AVG
      MEAN                                     DEG      DEG            WIND                       DOM
DAY   TEMP    HIGH   TIME     LOW    TIME      DAYS     DAYS    RAIN   SPEED    HIGH    TIME      DIR
--------------------------------------------------------------------------------------------------------
01    57.4   060.5   16:08    54.5   05:13     07.5     00.0   00.01   06.9     21.9    23:27      NW
02    57.9   061.3   15:57    54.8   04:47     07.1     00.0   00.00   09.5     23.0    00:49      NW
03    57.2   062.4   16:02    53.0   05:11     07.7     00.0   00.00   04.7     16.1    19:42      NW
04    60.6   073.7   12:20    53.0   00:34     04.4     00.0   00.01   02.3     19.6    13:54      S 
05    59.9   063.9   19:36    55.9   05:44     05.1     00.0   00.00   02.3     14.9    13:04     WSW
06    61.1   066.1   13:08    57.0   04:36     03.8     00.0   00.00   05.3     23.0    15:22     SSW
07    59.8   064.1   15:57    56.1   00:00     05.1     00.0   00.09   03.2     11.5    19:12      W 
08    58.7   063.3   17:01    54.1   05:32     06.2     00.0   00.01   04.6     18.4    12:55      NW
09    60.7   063.0   17:21    58.4   05:26     04.2     00.0   00.00   01.8     11.5    13:18     WNW
10    61.2   066.5   15:19    57.4   07:20     03.8     00.0   00.02   04.3     23.0    23:43      NW
11    59.7   063.5   16:10    56.3   04:14     05.3     00.0   00.00   07.3     23.0    17:25     NNW
12    58.8   062.8   14:37    52.9   05:30     06.1     00.0   00.00   06.9     25.3    16:56     NNW
13    58.7   064.0   13:35    52.9   02:28     06.3     00.0   00.00   02.9     16.1    17:06      NW
14    58.1   063.2   17:08    51.8   02:48     06.9     00.0   00.01   03.6     18.4    16:47      NW
15    58.9   064.6   11:19    53.2   06:13     06.1     00.0   00.00   04.7     21.9    14:01     NNW
16    59.1   064.2   17:53    55.0   02:36     05.9     00.0   00.00   02.5     11.5    12:35      NW
17    59.8   063.4   13:20    57.4   06:13     05.1     00.0   00.00   02.6     11.5    22:46      W 
18    59.0   063.1   17:03    56.2   07:42     06.0     00.0   00.00   07.0     18.4    11:52      NW
--------------------------------------------------------------------------------------------------------
59.2 (59.5)   73.7  day 04     51.8  day 14   102.5    000.0   00.15   04.6     25.3   day 02      NW
Min <=  86: 18
Max Rain: 0.09 ON 7-07-18
Days of Rain: 6 (> .008in) 1 (> .08in) 0 (> 0.8in)

Use WIDE page mode to see full display

QRZ KJ6RGX 100WAAW