Current Month NOAA Stats

Daily NOAA report
                            MONTHLY CLIMATOLOGICAL SUMMARY for MAY. 2018

NAME: TravelingRVWx   CITY: Ocean Park STATE: Washington
ELEV: 45 LAT: 046:32:9 LONG: 0124:2:51

                            TEMPERATURE ( F), RAIN (in.), WIND SPEED (mph)

                                               HEAT     COOL           AVG
      MEAN                                     DEG      DEG            WIND                       DOM
DAY   TEMP    HIGH   TIME     LOW    TIME      DAYS     DAYS    RAIN   SPEED    HIGH    TIME      DIR
--------------------------------------------------------------------------------------------------------
01    49.7   052.0   17:54    47.3   08:22     15.3     00.0   00.00   07.1     19.6    03:47      NW
02    50.3   054.7   14:05    43.7   05:56     14.6     00.0   00.00   04.7     20.7    15:35     NNW
03    50.8   053.2   15:51    47.6   02:04     14.1     00.0   00.00   04.3     16.1    14:30      W 
04    51.2   054.1   17:19    47.3   06:23     13.7     00.0   00.01   02.9     12.7    02:24     WNW
05    54.6   064.0   13:07    48.8   03:48     10.3     00.0   00.00   04.5     20.7    14:38      N 
06    53.7   055.0   14:11    51.3   06:05     11.3     00.0   00.00   03.9     20.7    12:27      SW
07    53.2   057.6   15:34    49.2   23:01     11.8     00.0   00.01   02.7     13.8    19:30     WNW
08    53.0   057.4   15:16    48.8   02:47     11.9     00.0   00.15   02.0     20.7    11:44      SW
09    53.9   057.9   10:08    51.7   06:04     11.0     00.0   00.14   06.9     24.1    03:43     WSW
10    52.1   055.3   12:08    49.1   04:51     12.9     00.0   00.13   10.8     26.4    15:38      NW
11    52.9   056.4   14:58    50.8   02:39     12.0     00.0   00.00   08.5     23.0    14:10      NW
12    52.6   056.5   15:35    49.9   06:53     12.4     00.0   00.00   05.3     19.6    17:08     NNW
13    59.7   077.4   10:58    47.8   01:47     05.2     00.0   00.00   02.3     13.8    23:25     WNW
14    56.2   060.2   14:18    54.1   01:38     08.8     00.0   00.00   03.3     14.9    02:15     WSW
15    54.7   059.7   14:22    51.7   00:00     10.3     00.0   00.01   04.2     13.8    23:56     WSW
16    53.1   057.0   13:04    50.7   05:21     11.8     00.0   00.02   03.7     13.8    00:42      W 
17    53.0   054.9   15:23    50.6   07:54     12.0     00.0   00.02   03.1     11.5    12:35      W 
18    53.7   057.4   15:21    51.8   05:51     11.2     00.0   00.00   01.9     10.3    19:34     WNW
19    54.1   056.6   09:55    51.9   02:02     10.9     00.0   00.00   03.1     13.8    15:00      NW
20    54.2   056.6   13:51    52.6   06:01     10.7     00.0   00.00   07.5     20.7    16:30      NW
21    55.0   058.6   14:18    52.6   23:59     09.9     00.0   00.00   07.2     24.1    14:42     NNW
22    54.6   059.2   12:42    50.0   05:55     10.3     00.0   00.00   06.3     26.4    15:14     NNW
23    54.7   058.3   16:25    51.9   03:32     10.2     00.0   00.01   03.8     13.8    23:46      NW
24    54.7   057.9   13:32    52.4   23:51     10.3     00.0   00.01   05.8     19.6    17:59      NW
--------------------------------------------------------------------------------------------------------
53.6 (54.0)   77.4  day 13     43.7  day 02   272.8    000.0   00.51   04.8     26.5   day 10      NW
Min <=  86: 24
Max Rain: 0.15 ON 8-05-18
Days of Rain: 10 (> .008in) 3 (> .08in) 0 (> 0.8in)

Use WIDE page mode to see full display

QRZ KJ6RGX 100WAAW