Current Month NOAA Stats

Daily NOAA report
                            MONTHLY CLIMATOLOGICAL SUMMARY for MAR. 2019

NAME: TravelingRVWx   CITY: Ocean Park STATE: Washington
ELEV: 45 LAT: 046:32:9 LONG: 0124:2:51

                            TEMPERATURE ( F), RAIN (in.), WIND SPEED (mph)

                                               HEAT     COOL           AVG
      MEAN                                     DEG      DEG            WIND                       DOM
DAY   TEMP    HIGH   TIME     LOW    TIME      DAYS     DAYS    RAIN   SPEED    HIGH    TIME      DIR
--------------------------------------------------------------------------------------------------------
01    42.4   051.1   12:17    36.1   01:58     22.5     00.0   00.00   00.2     12.7    17:06      NE
02    41.5   052.5   14:24    34.0   05:21     23.5     00.0   00.00   01.2     23.0    15:47     NNE
03    39.4   050.5   15:52    30.5   06:24     25.6     00.0   00.00   00.0     08.1    15:54      E 
04    34.9   044.6   13:08    26.1   07:10     30.0     00.0   00.00   00.1     11.5    14:05      E 
05    36.7   047.5   14:24    26.6   07:17     28.2     00.0   00.00   01.2     23.0    17:22     NNE
06    39.3   044.9   12:24    33.5   06:28     25.6     00.0   00.00   00.1     16.1    18:26     NNE
07    38.9   045.3   14:42    33.8   22:33     26.0     00.0   00.19   01.0     31.1    07:59     WSW
08    37.9   045.5   15:50    33.3   23:17     27.1     00.0   00.14   00.3     14.9    00:35     SSE
09    38.4   049.4   15:16    31.4   07:18     26.5     00.0   00.01   00.2     17.3    17:45      NE
10    40.6   049.7   12:37    32.4   06:55     24.3     00.0   00.00   01.1     21.9    17:57      N 
11    41.6   048.8   12:19    34.6   00:54     23.3     00.0   00.66   01.2     24.1    23:48     SSE
12    45.6   048.6   12:51    42.9   02:43     19.4     00.0   00.13   11.4     36.8    12:03      NW
13    45.9   050.7   12:42    37.1   23:57     19.1     00.0   00.04   01.3     27.6    01:06      NW
14    44.3   050.4   11:12    37.2   00:06     20.6     00.0   00.00   00.0     06.9    13:38      E 
15    45.1   052.9   15:55    35.9   06:13     19.9     00.0   00.00   00.4     11.5    17:05      N 
16    47.9   056.0   11:55    42.6   05:27     17.0     00.0   00.00   00.0     05.8    16:18      NE
17    54.5   070.8   16:57    40.3   04:08     10.4     00.0   00.01   00.1     11.5    13:56      NE
18    60.6   074.7   15:44    48.3   05:07     04.3     00.0   00.00   00.3     18.4    16:41      E 
--------------------------------------------------------------------------------------------------------
43.1 (43.6)   74.7  day 18     26.1  day 04   393.3    000.0   01.18   01.1     36.8   day 12     NNW
Min <=  86: 18
Max Rain: 0.66 ON 11-03-19
Days of Rain: 7 (> .008in) 4 (> .08in) 0 (> 0.8in)

Use WIDE page mode to see full display

QRZ KJ6RGX 100WAAW