Current Month NOAA Stats

Daily NOAA report
                            MONTHLY CLIMATOLOGICAL SUMMARY for JAN. 2019

NAME: TravelingRVWx   CITY: Ocean Park STATE: Washington
ELEV: 45 LAT: 046:32:9 LONG: 0124:2:51

                            TEMPERATURE ( F), RAIN (in.), WIND SPEED (mph)

                                               HEAT     COOL           AVG
      MEAN                                     DEG      DEG            WIND                       DOM
DAY   TEMP    HIGH   TIME     LOW    TIME      DAYS     DAYS    RAIN   SPEED    HIGH    TIME      DIR
--------------------------------------------------------------------------------------------------------
01    36.8   045.3   13:50    31.6   04:36     28.2     00.0   00.01   00.0     08.1    14:39      E 
02    41.5   047.3   00:00    32.4   00:16     23.4     00.0   00.20   02.5     23.0    23:31      SE
03    49.3   050.6   14:30    47.1   21:21     15.6     00.0   01.20   10.0     38.0    21:05      S 
04    48.6   052.6   12:54    44.4   23:41     16.3     00.0   00.14   04.2     27.6    03:41     SSW
05    44.7   048.4   10:43    41.7   00:00     20.2     00.0   00.40   01.5     57.5    00:00     ESE
06    41.8   046.9   06:59    36.5   15:17     23.1     00.0   00.86   08.3     62.1    00:06      W 
07    41.5   045.8   05:48    36.9   08:28     23.4     00.0   00.03   02.5     35.6    00:01     WNW
08    44.0   048.1   20:38    40.7   03:30     21.0     00.0   00.29   03.2     27.6    14:17     ESE
09    48.5   051.5   15:47    44.7   04:22     16.4     00.0   00.55   04.4     27.6    16:04     SSE
10    50.5   053.0   16:01    48.1   08:34     14.4     00.0   00.09   01.2     19.6    02:20      SE
11    51.8   057.8   13:08    46.5   09:01     13.1     00.0   00.00   00.4     19.6    23:25     ESE
12    51.2   057.2   14:08    44.8   22:58     13.7     00.0   00.00   00.6     19.6    03:30     ESE
13    46.6   058.2   14:36    37.3   06:41     18.3     00.0   00.00   00.1     13.8    12:31      E 
14    45.5   053.7   15:30    37.8   05:56     19.4     00.0   00.00   01.0     25.3    21:52     ESE
15    44.3   049.8   13:45    41.0   05:31     20.6     00.0   00.00   01.2     24.1    00:32     ESE
16    46.2   050.3   16:52    43.5   00:23     18.7     00.0   00.14   02.0     27.6    21:09     ESE
--------------------------------------------------------------------------------------------------------
45.8 (46.0)   58.2  day 13     31.6  day 01   306.0    000.0   03.91   02.7     62.1   day 06     SSE
Min <=  86: 16
Max Rain: 1.20 ON 3-01-19
Days of Rain: 11 (> .008in) 9 (> .08in) 2 (> 0.8in)

Use WIDE page mode to see full display

QRZ KJ6RGX 100WAAW