Current Month NOAA Stats

Daily noaa report

                            MONTHLY CLIMATOLOGICAL SUMMARY for APR. 2024

NAME: travelingrvwx.com   CITY: Lakewood STATE: New york
ELEV: 1300 LAT: 42.08 LONG: -79.32

                            TEMPERATURE ( F), RAIN (in.), WIND SPEED (mph)

                                               HEAT     COOL           AVG
      MEAN                                     DEG      DEG            WIND                       DOM
DAY   TEMP    HIGH   TIME     LOW    TIME      DAYS     DAYS    RAIN   SPEED    HIGH    TIME      DIR
--------------------------------------------------------------------------------------------------------
01    44.5   057.9   17:02    36.9   02:01     20.4     00.0   00.00   01.8     11.5    18:27     NNW
02    45.4   051.8   15:50    40.7   07:22     19.6     00.0   00.40   02.5     24.1    23:35      E 
03    40.1   046.0   01:12    32.3   23:20     24.9     00.0   01.14   03.3     26.4    06:40      S 
04    34.3   037.7   12:57    31.7   00:00     30.7     00.0   00.28   01.9     11.5    21:03     NNW
05    32.3   036.2   16:06    29.7   07:33     32.6     00.0   00.07   04.1     19.6    15:53      NW
06    40.6   051.0   16:15    33.4   04:27     24.3     00.0   00.05   04.2     20.7    15:01      NW
07    44.9   059.1   17:12    29.8   06:29     20.1     00.0   00.00   02.0     13.8    15:21     NNW
08    50.1   065.6   17:10    37.9   07:00     14.8     00.0   00.00   01.1     12.7    16:50     SSE
09    58.7   075.7   17:09    39.9   05:51     06.2     00.0   00.00   02.0     18.4    14:09      S 
10    58.0   062.9   17:42    54.5   11:50     06.9     00.0   00.08   01.4     11.5    03:36      W 
11    58.6   067.4   13:37    54.4   03:26     06.4     00.0   01.61   02.2     21.9    12:54     SSE
12    46.4   057.4   00:02    37.9   23:58     18.5     00.0   00.90   04.0     21.9    23:14     WSW
13    40.8   049.8   18:46    34.8   03:54     24.1     00.0   00.26   06.1     31.1    06:01      W 
14    54.4   074.4   14:20    38.3   01:19     10.6     00.0   00.04   02.8     21.9    12:59     WSW
--------------------------------------------------------------------------------------------------------
46.4 (47.3)   75.7  day 09     29.7  day 05   260.1    000.0   04.81   02.8     31.1   day 13     WNW
Min <=  86: 14
Max Rain: 1.61 ON 11-04-24
Days of Rain: 10 (> .008in) 6 (> .08in) 3 (> 0.8in)

Use WIDE page mode to see full display