Current Month NOAA Stats

Daily noaa report

                            MONTHLY CLIMATOLOGICAL SUMMARY for APR. 2021

NAME: TravelingRVWx   CITY: Ocean Park STATE: WA
ELEV: 45 LAT: 046:31:00 LONG: 0124:03:00

                            TEMPERATURE ( F), RAIN (in.), WIND SPEED (mph)

                                               HEAT     COOL           AVG
      MEAN                                     DEG      DEG            WIND                       DOM
DAY   TEMP    HIGH   TIME     LOW    TIME      DAYS     DAYS    RAIN   SPEED    HIGH    TIME      DIR
--------------------------------------------------------------------------------------------------------
01    46.6   049.2   14:12    44.3   05:54     18.3     00.0   00.00   04.8     12.7    16:25     WNW
02    47.6   051.7   15:53    43.5   23:57     17.3     00.0   00.00   02.7     11.5    16:51      W 
03    47.1   052.9   16:05    40.5   06:36     17.8     00.0   00.00   03.2     17.3    22:02      NW
04    46.2   048.8   15:29    41.4   00:00     18.7     00.0   00.00   10.3     23.0    16:04      NW
05    44.4   049.7   15:55    38.1   06:21     20.5     00.0   00.00   03.9     14.9    16:00     WNW
06    45.8   049.3   15:31    43.8   05:17     19.1     00.0   00.00   05.2     18.4    17:21      NW
07    45.7   048.3   13:19    43.2   07:49     19.2     00.0   00.03   09.7     31.1    22:21     WSW
08    45.6   049.1   16:20    41.5   23:56     19.3     00.0   00.00   09.3     32.2    00:59     WNW
09    43.3   048.2   11:36    36.0   06:10     21.6     00.0   00.08   06.4     28.8    21:08      SW
10    43.4   046.3   15:10    38.3   06:57     21.5     00.0   00.07   11.0     38.0    03:58     WNW
11    43.5   051.3   12:18    34.6   06:45     21.4     00.0   00.00   05.2     23.0    16:05     NNW
12    48.1   058.3   12:36    39.1   03:49     16.8     00.0   00.00   05.2     25.3    16:41      N 
13    54.4   066.0   17:05    44.5   06:01     10.5     00.0   00.00   03.2     20.7    12:50     NNE
14    52.7   067.5   12:54    45.9   06:24     12.3     00.0   00.00   04.0     19.6    16:10     NNW
--------------------------------------------------------------------------------------------------------
46.8 (46.8)   67.5  day 14     34.6  day 11   254.6    000.0   00.18   06.0     38.0   day 10     WNW
Min <=  86: 14
Max Rain: 0.08 ON 9-04-21
Days of Rain: 3 (> .008in) 0 (> .08in) 0 (> 0.8in)

Use WIDE page mode to see full display