Current Month NOAA Stats

Daily noaa report

                            MONTHLY CLIMATOLOGICAL SUMMARY for MAY. 2020

NAME: TravelingRVWx   CITY: Ocean Park STATE: WA
ELEV: 45 LAT: 046:31:00 LONG: 0124:03:00

                            TEMPERATURE ( F), RAIN (in.), WIND SPEED (mph)

                                               HEAT     COOL           AVG
      MEAN                                     DEG      DEG            WIND                       DOM
DAY   TEMP    HIGH   TIME     LOW    TIME      DAYS     DAYS    RAIN   SPEED    HIGH    TIME      DIR
--------------------------------------------------------------------------------------------------------
01    50.9   060.2   11:24    41.4   04:33     14.1     00.0   00.08   03.4     25.3    13:09      SE
02    52.6   054.6   11:29    49.7   23:10     12.4     00.0   00.46   07.4     25.3    21:39      SW
03    51.8   057.0   17:47    45.2   23:41     13.2     00.0   00.04   06.3     26.4    12:17      SW
04    50.8   061.4   12:02    42.9   04:02     14.2     00.0   00.01   03.5     20.7    18:09     SSE
05    54.3   064.7   11:52    48.0   04:47     10.6     00.0   00.08   04.1     24.1    23:13     SSW
06    52.1   055.8   15:57    46.9   00:00     12.9     00.0   00.16   08.4     26.4    03:44      W 
07    55.4   068.6   14:19    43.4   05:29     09.5     00.0   00.00   04.6     26.4    16:19      N 
08    69.0   085.2   17:18    53.9   05:54     00.0     04.1   00.00   02.7     17.3    12:32      NE
09    67.3   085.3   13:09    57.6   00:00     00.0     02.4   00.00   03.4     12.7    13:20     NNE
10    56.0   059.0   12:58    53.1   07:26     08.9     00.0   00.00   04.7     24.1    20:44     SSW
11    55.9   059.7   14:57    53.8   23:39     09.0     00.0   00.00   02.2     19.6    01:46     SSE
12    55.1   059.8   13:37    52.5   23:24     09.9     00.0   00.13   05.9     34.5    16:55     SSE
13    54.4   059.1   15:33    50.4   00:00     10.6     00.0   00.22   05.8     25.3    04:10      S 
14    53.2   057.9   16:45    49.0   05:39     11.8     00.0   00.10   03.1     13.8    14:31     WSW
15    54.8   059.4   17:55    49.4   04:43     10.1     00.0   00.00   02.6     13.8    12:10      SW
16    55.2   060.2   13:56    53.6   23:48     09.7     00.0   00.50   03.8     19.6    17:33      SE
17    55.5   060.1   17:07    52.0   23:02     09.4     00.0   00.19   03.5     13.8    02:45      W 
18    53.9   058.2   13:02    49.7   05:53     11.0     00.0   00.00   06.9     21.9    14:06      NW
19    52.8   055.5   14:58    51.2   06:44     12.2     00.0   00.00   06.6     14.9    03:56     WNW
20    53.8   056.5   13:39    51.0   23:48     11.1     00.0   00.10   08.2     20.7    23:15      W 
21    52.3   056.8   15:58    48.5   06:59     12.6     00.0   00.02   11.2     24.1    21:05     WNW
22    53.0   057.1   14:38    50.4   02:34     11.9     00.0   00.01   10.6     23.0    06:04     WNW
23    53.8   057.5   14:22    51.9   00:00     11.2     00.0   00.00   04.8     12.7    01:26     WNW
24    54.5   059.5   16:41    48.6   03:45     10.4     00.0   00.00   02.1     10.3    16:14      W 
25    55.2   057.9   13:55    53.0   23:12     09.8     00.0   00.18   03.7     13.8    11:17      SW
26    55.0   058.4   17:55    51.7   00:00     10.0     00.0   00.00   06.3     18.4    20:05      NW
27    58.1   072.6   12:37    50.4   04:43     06.8     00.0   00.00   05.6     23.0    18:45     NNW
28    58.9   069.4   09:16    53.1   04:57     06.1     00.0   00.00   06.7     21.9    12:26     NNW
29    55.5   058.7   14:42    52.5   00:00     09.4     00.0   00.00   08.5     20.7    15:55      NW
30    52.9   054.6   11:44    51.7   23:48     12.0     00.0   00.12   06.1     16.1    14:30     WSW
--------------------------------------------------------------------------------------------------------
55.1 (55.8)   85.3  day 09     41.4  day 01   300.8    006.5   02.40   05.4     34.5   day 07      W 
Min <=  86: 30
Max Rain: 0.50 ON 16-05-20
Days of Rain: 16 (> .008in) 12 (> .08in) 0 (> 0.8in)

Use WIDE page mode to see full display