Current Month NOAA Stats

Daily noaa report

                            MONTHLY CLIMATOLOGICAL SUMMARY for JUN. 2024

NAME: travelingrvwx.com   CITY: Lakewood STATE: New York
ELEV: 1350 LAT: 042:08:00 LONG: 0079:32:00

                            TEMPERATURE ( F), RAIN (in.), WIND SPEED (mph)

                                               HEAT     COOL           AVG
      MEAN                                     DEG      DEG            WIND                       DOM
DAY   TEMP    HIGH   TIME     LOW    TIME      DAYS     DAYS    RAIN   SPEED    HIGH    TIME      DIR
--------------------------------------------------------------------------------------------------------
01    60.4   079.8   17:32    40.5   06:05     04.6     00.0   00.00   00.8     07.0    17:36     SSW
02    60.4   064.0   09:27    55.8   04:40     04.5     00.0   00.00   00.6     07.0    13:54     SSE
03    67.8   081.2   17:22    60.1   05:28     00.0     02.8   00.00   01.0     09.0    15:23      W 
04    71.1   085.8   13:11    56.8   06:27     00.0     06.2   00.00   00.7     09.0    12:01      S 
05    69.0   073.5   17:10    63.2   00:00     00.0     04.1   00.00   01.3     18.0    21:43     SSE
06    65.6   076.1   14:09    56.4   23:02     00.0     00.6   00.00   01.5     12.0    12:18      W 
07    59.2   065.7   15:03    55.5   22:28     05.7     00.0   00.00   02.0     18.0    17:02      SW
08    61.8   072.7   16:47    51.1   05:57     03.2     00.0   00.00   02.2     16.0    14:48      W 
09    59.1   070.7   15:56    53.4   06:09     05.8     00.0   00.00   02.7     21.0    18:50     WNW
10    52.3   055.7   14:20    48.5   05:53     12.6     00.0   00.00   01.9     15.0    14:08     WNW
11    54.2   061.2   15:04    49.5   00:00     10.7     00.0   00.00   00.8     09.0    13:30     WNW
12    61.5   077.7   18:12    45.9   05:13     03.4     00.0   00.00   00.9     08.0    17:50     WNW
13    70.8   083.6   15:50    55.4   05:57     00.0     05.8   00.00   01.7     16.0    09:38     SSE
14    70.5   079.3   16:30    59.3   00:00     00.0     05.5   00.00   01.8     11.0    17:47      NW
15    63.5   073.8   18:04    52.4   05:44     01.4     00.0   00.00   01.8     12.0    13:53     NNW
16    67.0   083.1   17:37    51.0   04:53     00.0     02.0   00.00   01.1     10.0    16:42     SSE
17    75.0   091.7   15:45    62.3   04:54     00.0     10.1   00.49   01.3     19.0    17:37      S 
18    76.2   090.5   15:30    65.4   05:06     00.0     11.3   00.14   00.9     09.0    21:16     SSE
19    77.0   088.4   14:43    66.8   02:30     00.0     12.1   00.00   00.6     07.0    18:11      S 
20    78.1   089.2   13:49    67.8   05:56     00.0     13.2   00.00   01.2     13.0    03:41      NW
21    76.9   089.1   15:40    65.8   05:47     00.0     12.0   00.18   00.9     15.0    13:04     WNW
22    78.2   091.7   13:24    66.5   06:17     00.0     13.3   00.00   00.9     10.0    16:17      W 
--------------------------------------------------------------------------------------------------------
67.1 (67.6)   91.7  day 22     40.5  day 01   051.9    099.0   03.46   01.3     21.0   day 09     WSW
Max >=  86: 6
Min <=  86: 22
Max Rain: 0.49 ON 17-06-24
Days of Rain: 3 (> .008in) 3 (> .08in) 0 (> 0.8in)

Use WIDE page mode to see full display