Current Month NOAA Stats

Daily noaa report

                            MONTHLY CLIMATOLOGICAL SUMMARY for SEP. 2021

NAME: TravelingRVWx   CITY: Lakewood STATE: NY
ELEV: 1550 LAT: 042:08:00 LONG: 079:32:00

                            TEMPERATURE ( F), RAIN (in.), WIND SPEED (mph)

                                               HEAT     COOL           AVG
      MEAN                                     DEG      DEG            WIND                       DOM
DAY   TEMP    HIGH   TIME     LOW    TIME      DAYS     DAYS    RAIN   SPEED    HIGH    TIME      DIR
--------------------------------------------------------------------------------------------------------
01    63.7   070.9   15:29    56.6   23:46     01.3     00.0   00.00   03.4     18.4    16:45     NNE
02    61.1   069.1   15:30    53.8   00:00     03.8     00.0   00.00   02.7     17.3    17:08     NNW
03    59.0   070.8   16:01    50.6   06:37     05.9     00.0   00.00   01.1     12.7    15:30      NW
04    64.2   077.4   15:23    54.1   05:20     00.8     00.0   00.00   00.7     09.2    12:31      SW
05    64.4   074.7   17:20    58.2   23:23     00.6     00.0   00.45   01.5     12.7    14:43      SW
06    62.2   071.9   14:56    55.6   22:38     02.7     00.0   00.05   02.6     17.3    13:27     WSW
07    65.1   080.7   16:03    50.4   07:13     00.0     00.1   00.00   01.3     12.7    13:14     SSE
08    66.0   074.5   17:41    57.0   00:00     00.0     01.0   00.24   01.7     10.3    17:15      S 
09    60.7   070.4   14:43    54.0   22:46     04.3     00.0   00.15   02.1     16.1    16:48     WSW
10    58.4   070.4   17:01    50.5   07:14     06.5     00.0   00.01   01.8     14.9    14:29     WNW
11    62.3   074.5   14:51    50.3   04:58     02.6     00.0   00.00   01.8     16.1    17:38     SSE
12    69.2   076.7   16:04    65.3   05:37     00.0     04.2   00.01   01.7     11.5    04:09     SSE
13    66.4   077.3   14:53    63.0   19:51     00.0     01.4   00.60   01.3     26.4    00:10      W 
14    70.9   082.1   15:25    61.3   05:39     00.0     06.0   00.01   01.6     12.7    17:01     SSE
15    63.6   073.6   01:07    56.3   23:38     01.3     00.0   00.64   01.2     16.1    00:07      N 
16    62.6   077.7   16:42    50.4   05:58     02.3     00.0   00.01   00.9     11.5    14:42      NE
--------------------------------------------------------------------------------------------------------
63.7 (65.0)   82.1  day 14     50.3  day 11   032.1    012.8   02.17   01.7     26.5   day 01      W 
Min <=  86: 16
Max Rain: 0.64 ON 15-09-21
Days of Rain: 10 (> .008in) 5 (> .08in) 0 (> 0.8in)

Use WIDE page mode to see full display