Current Month NOAA Stats

Daily noaa report

                            MONTHLY CLIMATOLOGICAL SUMMARY for OCT. 2020

NAME: TravelingRVWx   CITY: Ocean Park STATE: WA
ELEV: 45 LAT: 046:31:00 LONG: 0124:03:00

                            TEMPERATURE ( F), RAIN (in.), WIND SPEED (mph)

                                               HEAT     COOL           AVG
      MEAN                                     DEG      DEG            WIND                       DOM
DAY   TEMP    HIGH   TIME     LOW    TIME      DAYS     DAYS    RAIN   SPEED    HIGH    TIME      DIR
--------------------------------------------------------------------------------------------------------
01    57.1   058.9   15:51    55.9   23:27     07.8     00.0   00.00   02.5     10.3    18:49     NNW
02    55.7   057.0   15:44    54.5   23:45     09.3     00.0   00.01   01.7     09.2    12:39      SW
03    56.7   061.2   17:19    54.3   22:09     08.3     00.0   00.01   02.4     13.8    15:55     NNW
04    58.7   063.6   14:25    54.5   04:39     06.3     00.0   00.00   02.2     09.2    18:23      NW
05    58.2   062.0   14:48    55.5   07:57     06.7     00.0   00.00   05.0     25.3    17:11     NNW
06    57.9   068.8   12:06    53.9   06:36     07.0     00.0   00.00   06.0     23.0    16:21     NNW
07    55.7   059.1   12:46    52.3   05:15     09.3     00.0   00.00   02.2     11.5    13:03      SW
08    58.3   063.5   16:25    55.1   05:40     06.7     00.0   00.01   02.8     12.7    14:41      S 
09    58.2   062.2   14:25    56.2   07:42     06.8     00.0   01.00   05.6     26.4    21:35     SSE
10    57.7   061.9   14:31    52.2   07:25     07.2     00.0   00.58   09.1     36.8    04:17     WSW
11    55.9   060.1   21:50    51.0   01:42     09.1     00.0   00.65   07.7     34.5    19:27     SSW
12    57.1   060.6   15:25    53.5   20:26     07.8     00.0   00.00   06.8     28.8    00:24     WNW
13    58.3   061.5   14:44    53.2   02:03     06.7     00.0   00.38   10.5     31.1    06:49      SW
14    56.7   059.8   13:47    52.6   00:00     08.2     00.0   00.04   05.8     14.9    05:33     WNW
15    53.4   063.6   14:27    44.8   07:37     11.5     00.0   00.00   02.2     13.8    15:45      N 
16    56.6   061.8   14:36    51.9   01:29     08.3     00.0   00.06   05.9     19.6    17:56     WSW
17    55.7   058.7   13:49    53.3   01:20     09.2     00.0   00.00   04.6     16.1    01:55      W 
18    57.7   060.1   12:56    54.6   00:01     07.2     00.0   00.09   07.3     23.0    08:07     WSW
--------------------------------------------------------------------------------------------------------
57.0 (57.3)   68.8  day 06     44.8  day 15   143.4    000.0   02.84   05.0     36.8   day 11      W 
Min <=  86: 18
Max Rain: 1.00 ON 9-10-20
Days of Rain: 10 (> .008in) 5 (> .08in) 1 (> 0.8in)

Use WIDE page mode to see full display