Current Month NOAA Stats

Daily noaa report

                            MONTHLY CLIMATOLOGICAL SUMMARY for MAY. 2021

NAME: TravelingRVWx   CITY: Ocean Park STATE: WA
ELEV: 45 LAT: 046:31:00 LONG: 0124:03:00

                            TEMPERATURE ( F), RAIN (in.), WIND SPEED (mph)

                                               HEAT     COOL           AVG
      MEAN                                     DEG      DEG            WIND                       DOM
DAY   TEMP    HIGH   TIME     LOW    TIME      DAYS     DAYS    RAIN   SPEED    HIGH    TIME      DIR
--------------------------------------------------------------------------------------------------------
01    51.7   054.9   13:41    49.5   00:01     13.2     00.0   00.00   06.6     14.9    17:46     WNW
02    50.8   056.7   14:56    44.3   05:40     14.2     00.0   00.00   04.3     16.1    13:39      NW
03    51.1   053.7   17:09    47.2   02:31     13.8     00.0   00.27   03.7     17.3    12:49     SSW
04    51.3   055.1   15:54    47.3   00:00     13.6     00.0   00.00   07.4     19.6    18:41      NW
05    57.4   076.3   14:36    45.4   02:02     07.5     00.0   00.00   02.3     12.7    17:17     NNW
06    52.5   055.7   13:31    49.3   23:20     12.4     00.0   00.06   07.3     23.0    23:58      SW
07    50.3   054.4   16:49    46.2   05:18     14.7     00.0   00.06   09.3     25.3    03:33      W 
08    49.9   053.3   11:11    46.6   06:41     15.1     00.0   00.06   03.7     17.3    13:26      SW
09    52.0   056.1   15:24    49.2   01:36     12.9     00.0   00.04   05.2     16.1    19:39     WNW
10    51.4   054.5   13:51    49.7   21:51     13.6     00.0   00.00   07.5     19.6    20:51      NW
11    51.4   055.8   13:24    46.9   06:31     13.6     00.0   00.00   07.0     21.9    16:15     NNW
12    52.5   056.3   14:28    49.2   00:00     12.5     00.0   00.00   07.9     19.6    16:23     NNW
13    49.3   052.9   14:53    46.5   06:19     15.7     00.0   00.00   08.3     23.0    15:40     NNW
14    49.0   051.5   14:01    47.3   05:21     15.9     00.0   00.00   07.1     19.6    17:15     NNW
--------------------------------------------------------------------------------------------------------
51.5 (51.8)   76.3  day 05     44.3  day 02   188.6    000.0   00.49   06.2     25.3   day 07      NW
Min <=  86: 14
Max Rain: 0.27 ON 3-05-21
Days of Rain: 5 (> .008in) 1 (> .08in) 0 (> 0.8in)

Use WIDE page mode to see full display