trusted online casino malaysia

Current Month NOAA Stats

Daily noaa report

                            MONTHLY CLIMATOLOGICAL SUMMARY for NOV. 2022

NAME: Hunt Rd Wx   CITY: Lakewood STATE: New York
ELEV: 1450 LAT: 42  :  : LONG: 79  :  :

                            TEMPERATURE ( F), RAIN (in.), WIND SPEED (mph)

                                               HEAT     COOL           AVG
      MEAN                                     DEG      DEG            WIND                       DOM
DAY   TEMP    HIGH   TIME     LOW    TIME      DAYS     DAYS    RAIN   SPEED    HIGH    TIME      DIR
--------------------------------------------------------------------------------------------------------
01    55.0   058.1   12:44    49.6   21:45     09.9     00.0   00.15   00.9     10.3    15:09     WSW
02    53.0   066.7   16:10    44.4   23:55     11.9     00.0   00.00   00.8     06.9    17:52      W 
03    51.7   067.0   15:55    39.7   06:39     13.3     00.0   00.00   00.9     11.5    14:20      S 
04    58.5   069.4   15:23    47.1   05:40     06.5     00.0   00.00   02.2     17.3    11:03     SSE
05    66.7   075.1   13:46    57.7   08:29     00.0     01.8   00.00   05.3     23.0    11:29     SSE
06    63.1   072.4   14:54    52.0   22:26     01.8     00.0   00.59   02.7     26.4    00:41      S 
07    50.3   058.5   13:40    38.1   00:00     14.7     00.0   00.00   03.1     16.1    14:55     WNW
08    41.2   051.0   14:16    34.8   22:41     23.8     00.0   00.00   02.6     14.9    10:04     NNE
09    46.5   062.9   15:11    30.9   04:04     18.4     00.0   00.00   02.2     16.1    11:03     SSE
10    54.1   066.7   14:36    43.9   05:31     10.8     00.0   00.00   02.0     14.9    13:58     SSE
11    57.0   060.4   15:40    51.7   03:03     07.9     00.0   02.82   01.3     14.9    22:52     SSE
12    41.3   053.7   00:11    34.4   23:56     23.7     00.0   00.06   02.5     14.9    04:04      W 
13    32.2   034.6   00:03    30.1   23:06     32.7     00.0   00.25   02.4     13.8    23:42      W 
14    31.1   033.5   12:59    29.4   06:57     33.9     00.0   00.05   00.8     06.9    04:32      SW
15    31.2   034.0   14:12    30.4   19:55     33.7     00.0   00.00   01.6     18.4    13:39     ESE
16    32.7   035.7   12:16    29.6   23:49     32.3     00.0   00.05   02.4     14.9    19:59      S 
17    28.4   030.3   14:36    24.9   00:00     36.5     00.0   00.00   02.2     14.9    23:53      SW
18    26.1   031.9   11:48    21.6   00:00     38.8     00.0   00.00   04.1     23.0    09:01      S 
19    23.0   026.0   20:41    19.5   08:50     41.9     00.0   00.00   04.0     18.4    23:41      S 
20    19.3   023.0   00:27    17.5   08:02     45.7     00.0   00.00   01.9     18.4    00:17     SSW
21    27.0   039.5   14:45    11.0   03:55     37.9     00.0   00.01   02.6     21.9    11:54      S 
22    34.6   045.2   14:54    22.2   07:17     30.4     00.0   00.16   01.6     18.4    14:36      S 
23    37.3   048.5   14:42    30.3   00:00     27.7     00.0   00.00   01.6     09.2    15:43     SSW
24    39.1   052.4   15:21    28.8   07:33     25.8     00.0   00.00   00.9     11.5    11:56      S 
25    39.6   044.3   00:42    33.7   00:00     25.4     00.0   00.11   03.0     19.6    10:49      W 
26    38.9   051.2   15:08    29.2   07:04     26.1     00.0   00.00   01.5     11.5    14:30      S 
27    42.7   050.7   16:39    36.1   04:40     22.2     00.0   00.51   01.8     17.3    20:09      SW
28    35.4   038.8   00:06    32.7   19:03     29.6     00.0   00.00   02.4     14.9    02:36      NW
--------------------------------------------------------------------------------------------------------
41.3 (41.7)   75.1  day 05     11.0  day 21   663.2    001.8   04.76   02.2     26.5   day 06     SSW
Max <=  32: 4
Min <=  86: 28
Max <= 23: 1
Min <=  23: 5
Max Rain: 2.82 ON 11-11-22
Days of Rain: 11 (> .008in) 7 (> .08in) 1 (> 0.8in)

Use WIDE page mode to see full display